re the prime factors of 196824067?
11, 41, 436417
What are the prime factors of 133724126?
2, 66862063
What are the prime factors of 2532165?
3, 5, 223, 757
What are the prime factors of 81481344?
2, 3, 7, 30313
What are the prime factors of 136332612?
2, 3, 13, 97103
What are the prime factors of 166184308?
2, 41546077
What are the prime factors of 2523981666?
2, 3, 229, 1836959
List the prime factors of 472113012.
2, 3, 7, 31, 181303
What are the prime factors of 1334246726?
2, 667123363
What are the prime factors of 4839650674?
2, 29, 71, 1175243
What are the prime factors of 3169618985?
5, 13, 137, 355937
List the prime factors of 160113193.
283, 565771
List the prime factors of 163937463.
3, 54645821
List the prime factors of 3247857073.
31, 307, 341269
What are the prime factors of 3752074763?
3299, 1137337
What are the prime factors of 63340146?
2, 3, 79, 44543
List the prime factors of 873762049.
873762049
List the prime factors of 4206745647.
3, 13, 101, 317, 1123
List the prime factors of 37785400.
2, 5, 188927
List the prime factors of 717093536.
2, 101, 221873
List the prime factors of 2136561137.
31, 131, 526117
List the prime factors of 343845884.
2, 37, 271, 8573
What are the prime factors of 2266609879?
61, 379, 98041
What are the prime factors of 883300830?
2, 3, 5, 29443361
List the prime factors of 4886148971.
11, 444195361
List the prime factors of 43916112.
2, 3, 163, 1871
List the prime factors of 305928518.
2, 7, 21852037
What are the prime factors of 4174542400?
2, 5, 7, 199, 1873
List the prime factors of 460014403.
151, 3046453
What are the prime factors of 22347987?
3, 7449329
What are the prime factors of 94686254?
2, 13, 1481, 2459
List the prime factors of 1328446800.
2, 3, 5, 369013
List the prime factors of 524556262.
2, 23, 241, 47317
What are the prime factors of 480924959?
907, 530237
What are the prime factors of 1228929655?
5, 37, 6642863
List the prime factors of 3308154506.
2, 21319, 77587
List the prime factors of 227898660.
2, 3, 5, 11, 31391
What are the prime factors of 157100452?
2, 39275113
What are the prime factors of 1008489107?
3511, 287237
What are the prime factors of 92824151?
7, 101, 131293
List the prime factors of 615690604.
2, 41, 67, 137, 409
What are the prime factors of 3767438591?
7, 53, 337, 30133
What are the prime factors of 55239801?
3, 18413267
List the prime factors of 654470496.
2, 3, 401, 1889
What are the prime factors of 6378662157?
3, 7, 17, 239, 74759
What are the prime factors of 157514353?
2789, 56477
What are the prime factors of 450133471?
450133471
What are the prime factors of 40695739?
7, 17, 19, 41, 439
List the prime factors of 3798321768.
2, 3, 19, 925517
What are the prime factors of 1332639123?
3, 61, 109, 66809
List the prime factors of 296273952.
2, 3, 13, 79133
What are the prime factors of 21613381?
29, 787, 947
List the prime factors of 12311751.
3, 521, 7877
List the prime factors of 103660624.
2, 1009, 6421
What are the prime factors of 732044196?
2, 3, 13, 521399
What are the prime factors of 260714749?
260714749
List the prime factors of 1846835698.
2, 17, 463, 117319
What are the prime factors of 300946668?
2, 3, 11, 2279899
List the prime factors of 267951348.
2, 3, 7, 17, 20849
List the prime factors of 1973061917.
107, 18439831
List the prime factors of 49080739.
97, 223, 2269
What are the prime factors of 4645502077?
4645502077
List the prime factors of 513694622.
2, 7, 36692473
List the prime factors of 183462862.
2, 11, 758111
List the prime factors of 3923386777.
8563, 458179
What are the prime factors of 4530792674?
2, 79, 28675903
List the prime factors of 370941963.
3, 7, 661, 26723
What are the prime factors of 69494811?
3, 47, 492871
What are the prime factors of 3824242114?
2, 7, 11, 24832741
What are the prime factors of 32240477?
4327, 7451
List the prime factors of 844866460.
2, 5, 263, 160621
List the prime factors of 2159959488.
2, 3, 43, 397, 659
List the prime factors of 2799601.
7, 43, 71, 131
What are the prime factors of 51441000?
2, 3, 5, 13, 1319
List the prime factors of 249223261.
7, 5086189
What are the prime factors of 153199330?
2, 5, 15319933
What are the prime factors of 574840436?
2, 29, 37, 67, 1999
What are the prime factors of 2165907651?
3, 163, 4429259
List the prime factors of 2780613411.
3, 926871137
List the prime factors of 275118333.
3, 7, 419, 31267
What are the prime factors of 3074017?
163, 18859
What are the prime factors of 367690009?
41, 8968049
List the prime factors of 39904123.
7, 19, 197, 1523
List the prime factors of 22247370.
2, 3, 5, 247193
What are the prime factors of 1725694249?
79, 1657, 13183
What are the prime factors of 39966078?
2, 3, 6661013
List the prime factors of 2708633554.
2, 11, 43, 101, 28349
List the prime factors of 2446275269.
20047, 122027
List the prime factors of 4803925337.
23, 208866319
What are the prime factors of 50686230?
2, 3, 5, 7, 241363
What are the prime factors of 181275350?
2, 5, 41, 88427
What are the prime factors of 62910806?
2, 7, 43, 14929
What are the prime factors of 38570691?
3, 47, 273551
List the prime factors of 63519712.
2, 1984991
List the prime factors of 292085431.
11, 26553221
List the prime factors of 144079680.
2, 3, 5, 150083
List the prime factors of 24062674.
2, 12031337
List the prime factors of 3320387326.
2, 37, 197, 239, 953
List the prime factors of 93495192.
2, 3, 7, 556519
What are the prime factors of 5547478?
2, 619, 4481
What are the prime factors of 779471442?
2, 3, 43303969
What are the prime factors of 114767991?
3, 13, 139, 7057
List the prime factors of 64379749.
7, 1087, 8461
List the prime factors of 454902188.
2, 13, 23, 311, 1223
List the prime factors of 4926173603.
13, 23, 1129, 14593
What are the prime factors of 750873995?
5, 283, 530653
List the prime factors of 2399665984.
2, 103, 364027
List the prime factors of 60045747.
3, 29, 211, 3271
What are the prime factors of 27550965?
3, 5, 13, 17, 8311
What are the prime factors of 73891227?
3, 24630409
List the prime factors of 94595858.
2, 7, 6756847
What are the prime factors of 228856725?
3, 5, 31, 10937
What are the prime factors of 21802776?
2, 3, 908449
List the prime factors of 2283500107.
7, 29, 1606967
What are the prime factors of 65990675?
5, 79, 33413
What are the prime factors of 374454533?
59, 233, 27239
What are the prime factors of 89693498?
2, 1889, 23741
List the prime factors of 633910991.
7, 281, 6577
List the prime factors of 365533357.
7, 52219051
List the prime factors of 168284449.
168284449
List the prime factors of 332882718.
2, 3, 7, 53, 149543
List the prime factors of 168860822.
2, 13, 37, 257, 683
What are the prime factors of 59441528?
2, 1873, 3967
List the prime factors of 1206329241.
3, 13, 37, 835987
What are the prime factors of 186402967?
186402967
What are the prime factors of 405899614?
2, 47, 4318081
What are the prime factors of 218094926?
2, 7, 15578209
List the prime factors of 312061299.
3, 11, 17, 61, 829
List the prime factors of 579144573.
3, 7, 31, 523
What are the prime factors of 6807282609?
3, 673, 911, 3701
What are the prime factors of 40818637?
6229, 6553
What are the prime factors of 207326233?
19, 31, 131, 2687
List the prime factors of 202669708.
2, 50667427
List the prime factors of 174413679.
3, 11, 5285263
List the prime factors of 27230869.
27230869
List the prime factors of 469331054.
2, 23, 10202849
What are the prime factors of 149173227?
3, 7, 2367829
List the prime factors of 44931915.
3, 5, 7, 587
List the prime factors of 686004682.
2, 11, 59, 528509
List the prime factors of 322909134.
2, 3, 3533, 15233
List the prime factors of 1154746882.
2, 29, 709, 28081
What are the prime factors of 111598721?
13, 521, 16477
List the prime factors of 27692263.
27692263
What are the prime factors of 2552304914?
2, 541, 2358877
What are the prime factors of 2551085640?
2, 3, 5, 2539, 2791
What are the prime factors of 783232566?
2, 3, 397, 328813
What are the prime factors of 35206843?
7, 661, 1087
List the prime factors of 187844740.
2, 5, 9392237
What are the prime factors of 1349853377?
43, 31391939
List the prime factors of 677584630.
2, 5, 67758463
What are the prime factors of 88699153?
31, 43, 66541
Lis